t b(y) = y**3 - 11*y**2 - 2*y + 11. Let w be b(g). Let n = -100 - w. What is the tens digit of n?
6
Let o(g) = -g + 10. Let y be o(9). Let w be 3/((-3)/(-24)*6). Suppose 3*l = w*l + 3, a = -l - y. What is the units digit of a?
2
Let n = 897 - -600. What is the units digit of n?
7
Suppose w + 2*u = 10, 6*w - 4*w + 7 = 5*u. What is the hundreds digit of (2228/5)/w + 6/(-15)?
1
Let i = 2 - -2. Let s(b) = -b**3 + 8*b**2 - 6*b - 3. Let f be s(5). Suppose -y - y + f = i*w, -5 = -w. What is the tens digit of y?
1
Suppose -b + 4473 = -2*s, -31*b + 32*b = -4*s + 4485. What is the thousands digit of b?
4
Let h = -791 - -1162. What is the units digit of h?
1
Suppose 4*a - 10630 = -5*n, -5*n + 4034 = 5*a - 6596. What is the hundreds digit of n?
1
Suppose -203 = -s + 127. What is the hundreds digit of s?
3
Suppose 1 = -2*w - 5*y, -3*y - 4 = 2*w - y. What is the units digit of (147 + -13)*(w*1)/(-6)?
7
Suppose l - 693 = 2*r, -3*r - 663 = -r + 5*l. Let w be -17 + 18 + -1 + 1 + 3. What is the tens digit of (-1)/(2*w/r)?
4
What is the tens digit of (92/(-18) - (-13)/117) + 369?
6
Let l(z) = z**3 + 2*z**2 + z. Let p be l(-3). Let y(v) = 3*v. Let h be y(5). Let i = p + h. What is the units digit of i?
3
Suppose -2*i + 3*y + 5034 = 4*i, i = -3*y + 846. What is the units digit of i?
0
Let w(k) = -9*k - 96 - k**2 - 117 + 233. What is the units digit of w(-10)?
0
Let i(a) = -a**3 - 14*a**2 + 8*a - 2. Let j be i(-15). Suppose j = 2*w - 13. What is the tens digit of w?
5
Let c(v) = v**3 + 8*v**2 + 2. Let q be (-4)/(-2*(-4)/16). Let w be c(q). Suppose 4*m = j + 2*m - 7, m + 29 = w*j. What is the units digit of j?
7
What is the units digit of (-48)/132 + (-5361)/(-11)?
7
What is the hundreds digit of ((-855)/114)/((-1)/166)?
2
Suppose -3*l = 3*o - l - 5, 0 = -l + 4. Let s be 3 + -1 + o + 3. Suppose -s*n + 66 = -26. What is the tens digit of n?
2
Let v be (3 - 2)/((-1)/(-5)). Suppose 55 = a - 4*s + 2*s, -v*a + 223 = 3*s. What is the tens digit of a?
4
Let j(v) = -3 - 25*v - 3*v**3 - 1 - 92*v**2 + 109*v**2. Let h(s) = 2*s**3 - 9*s**2 + 13*s + 2. Let q(l) = -5*h(l) - 3*j(l). What is the units digit of q(-8)?
0
Let r(j) = -j**3 - 16*j**2 - 17*j - 23. Let k be r(-15). Suppose k*p = -2*p + 711. What is the units digit of p?
9
Suppose y + j = -3*y + 15, 0 = -2*y + 3*j + 11. Suppose s - m - 299 = 0, m = y*m + 3. What is the tens digit of s?
9
Suppose 0 = d - 27 + 61. Let a = 10 - d. What is the units digit of a?
4
Suppose -48 = -2*q + 2*o, -4*q + 16 = -3*q - 5*o. What is the tens digit of q?
2
Let z(q) = q - 14 - 9 - q**2 + 3*q + 24. Let l be z(3). Suppose -3*b - 5*t + 28 = 0, -2*t = -6*t - l. What is the tens digit of b?
1
Let r = 173 - 248. What is the tens digit of (r/(-30))/((-1)/(-4))?
1
Suppose 5*q + 603 = 2*d - 438, 3*q - 1593 = -3*d. Suppose -9*g = -12*g + d. What is the tens digit of g?
7
Suppose -926*k + 28185 = -911*k. What is the hundreds digit of k?
8
Suppose 13 = -2*m - 3*d, -2*d = -3*m - 3*d - 16. Let n(j) = -55*j + 20. What is the hundreds digit of n(m)?
2
Suppose -3*l = 2*l - 4*g - 1324, -4*l + 1052 = 4*g. What is the hundreds digit of l?
2
Suppose -17*a + 5827 = 1203. What is the hundreds digit of a?
2
Suppose 5*o - 3*o - q = -36, o = -5*q - 40. What is the units digit of (2/5)/(o/(-50))?
1
Suppose 4*q + 89 = 3*y - 390, 3*q = y - 358. Let u = 212 + q. What is the tens digit of u?
9
Suppose -x = -5*k + k - 15, -2*x + 37 = -k. What is the tens digit of x?
1
Suppose 5*w = -369 + 1359. What is the hundreds digit of w?
1
Let c = 121 + 68. What is the hundreds digit of c?
1
Let a = 24 - 26. What is the units digit of -3 + (a - (3 - 36))?
8
Let j(o) = 110*o - 620. What is the hundreds digit of j(14)?
9
Let s(p) = p**2 - 15*p + 41. What is the units digit of s(17)?
5
Suppose 10*q - 25 = 5*q. What is the units digit of (q - 7)*(-73)/2 - -2?
5
Let f = 7 - 3. Let k(o) be the second derivative of o**4/4 - o**3 + 9*o**2/2 + o + 25. What is the units digit of k(f)?
3
Suppose -63*a = -67*a + 772. What is the tens digit of a?
9
Let u be 1 - -5 - -3 - 0. Let x(v) = v**3 - 8*v**2 + 10*v - 13. What is the units digit of x(u)?
8
Let u = 176 + -108. Suppose 44 + u = 2*j. What is the units digit of j?
6
Suppose 9*j = 19*j - 13750. What is the units digit of j?
5
Let b = 2973 - 960. What is the units digit of b?
3
Let n be 4/(-12) - 46/(-3). Suppose 4*m - 32 = 3*w, -5*m = -2*m - n. Let y(j) = -3*j - 4. What is the units digit of y(w)?
8
Suppose -80 + 4 = 3*w - 5*h, 0 = -3*w + 4*h - 71. Let k = 21 - -7. Let j = k + w. What is the tens digit of j?
1
Let h = -2062 - -2943. What is the units digit of h?
1
Let y(c) = -75*c + 152. What is the tens digit of y(-7)?
7
Let s(c) = -c**3 - 25*c**2 - 23*c + 26. Let x be s(-24). What is the units digit of (-6 - (-6 + -42))*x/3?
8
Suppose -20*r + 24510 + 1190 = 0. What is the tens digit of r?
8
Let u(k) = k**3 + 5*k**2 + 2*k + 2. Let y be u(-4). Let s be (24/y)/((-24)/(-560)). Suppose 69 = 5*o - s. What is the units digit of o?
5
Let c = 777 + -97. What is the tens digit of c?
8
Let i = 245 + -212. What is the units digit of i?
3
Let x be (-6)/21 + 666/(-21). Let f = x + 49. Suppose -2*t + f = -25. What is the tens digit of t?
2
Suppose -76*q + 7155 = -67*q. What is the hundreds digit of q?
7
Suppose o = -i - 59, 2*o - i + 4*i + 116 = 0. Let g = 115 + o. What is the units digit of g?
4
Let z(w) = 19*w + 4. Let v be z(-8). Let y = -67 - v. What is the tens digit of y?
8
Let t be 33/7 - 10/(-35). Suppose -62 = -t*v + 143. What is the tens digit of v?
4
Let u(r) = 2*r**2 + 3*r - 1. Let p be u(1). Suppose 10*t = p*t + 276. What is the tens digit of t?
4
Suppose 0 = -5*a - x + 106, a = -x - 4*x + 2. What is the tens digit of a?
2
Suppose b = -2 - 2, -2*w = 3*b + 6. Suppose 5*p - 240 = -i, i - 850 = -w*i + 2*p. What is the units digit of i?
5
Suppose v - 5*v - 378 = -2*j, 3*v + 289 = -4*j. Let l = v + 229. What is the hundreds digit of l?
1
Let f be (112/(-9))/(-7) + (-8)/(-36). Suppose f*i - 326 = -3*z, 5*i - z = 491 + 341. What is the hundreds digit of i?
1
Suppose 3*q + 12 = 7*q. Suppose 5*r - q*r = 6. Suppose -5 = 2*a - a, -87 = -r*h + 3*a. What is the tens digit of h?
2
Let l(g) = -g**2 - 9*g + 7. Let d(c) = c**2 + 8*c - 7. Let t(o) = -3*d(o) - 2*l(o). Suppose 10*z = -57 + 7. What is the units digit of t(z)?
2
Let t be -4 - (-2 + 3 + -3). Let s be 12 - (t - -10)/(-4). Let w = s - -9. What is the tens digit of w?
2
Suppose -c - 2 = -4. Suppose c*d + 2*j - 312 = 6*j, 5*d - 4*j = 756. What is the tens digit of d?
4
Suppose -63 = a + j, -3*a - 4*j - 185 = j. Let y = a - -133. Suppose 5*d + y = 188. What is the units digit of d?
4
Suppose -349*v = -361*v + 8328. What is the tens digit of v?
9
Let x = -482 - -335. Let t = 298 + x. What is the hundreds digit of t?
1
What is the hundreds digit of ((-141)/2)/((-20)/120)?
4
Suppose -4*k + 6*k = 10. Let l(c) = -c**2 + 9*c + 7. What is the tens digit of l(k)?
2
What is the units digit of (-4)/84*-7 + (-5530)/(-6)?
2
Suppose 29 = -k - 5*s, k + 23 = -0*k + s. Let g = k + 21. Let f(d) = -d**3 + 2*d**2 + 3*d + 3. What is the units digit of f(g)?
9
Suppose -u + 1899 = -3*h - 3542, -5409 = -u - 5*h. What is the tens digit of u?
2
Let d(n) = n**2 - 13*n + 10. Let v be d(7). Let c = 6 - v. Let h = c + 10. What is the tens digit of h?
4
Let c(l) = 26*l**2 - l + 163. What is the tens digit of c(9)?
6
Let x(c) = c**3 - 3*c**2 + 2*c - 6. Let u be x(3). Suppose -s - 7 + 62 = n, u = 5*n + 20. What is the tens digit of s?
5
Suppose -4*a - 20 = a, 2*a + 8 = 4*d. Suppose -5*l + 60 + 120 = d. What is the tens digit of l?
3
Let t(v) = v**2 - 5*v + 1. Let m be t(5). Suppose 3*w = -m + 13. Suppose w*k - k = 78. What is the units digit of k?
6
Let d be (-42)/(-1) + (-7)/((-35)/10). Let y = d + 6. What is the tens digit of y?
5
Suppose 3052 = 11*v - 215. What is the units digit of v?
7
Let t(z) = -1083*z + 48. What is the hundreds digit of t(-3)?
2
Let z = -589 + 322. What is the tens digit of (-2)/8 + z/(-12)?
2
Let n = -11 - -9. Let h be ((-3)/n)/(33/2332). Suppose 5*i + s = h, -3*i = -2*i - 2*s - 30. What is the units digit of i?
2
Suppose 0 = 2*n + n + 81. Let z be -1 + -1 + n/(-9). What is the tens digit of z/((-9)/102)*-3?
3
Let h be (1 - 2)/(4/(-20)). Let d = 50 - h. Suppose 0 = -9*n + 12*n - d. What is the units digit o